
Let z be -6 + 4 - (-142 - 0). Calculate the highest common divisor of z and 35.
35
Suppose d = -4*b + 29, -103 = -3*d - 3*b + 20. Let r = -25 - -28. Suppose r = -2*m + 13. What is the highest common divisor of m and d?
5
Suppose -2*r = -4*r - 90. Let f = 49 + r. What is the highest common divisor of 64 and f?
4
Suppose 413*c = 426*c - 1144. Calculate the greatest common factor of 836 and c.
44
Suppose 0 = -0*a + 2*a. Let r be 3/(a - (-3)/10). Let t = -3047 + 3067. Calculate the highest common factor of r and t.
10
Let k(z) = -z. Let h be k(0). Suppose 5*t = 2*y - 16, -3*y + 24 = -h*y + 3*t. What is the greatest common factor of y and 2?
2
Let y = 295 + -292. Calculate the greatest common factor of y and 48.
3
Suppose 17*x - 21*x = 148. Let p = -30 - x. Calculate the greatest common factor of 21 and p.
7
Let f be 0 + 1 - -6 - 2. Let x = -1520 - -1560. What is the highest common divisor of x and f?
5
Suppose 89*t - 85*t + 608 = 0. Let d = t - -229. Calculate the greatest common factor of d and 22.
11
Suppose -4*x + 229 = 3*f, 3*x + 0*f - 162 = f. Let l = -38 + x. Calculate the greatest common factor of 17 and l.
17
Let i = 35 + 30. Calculate the highest common factor of i and 91.
13
Let z be (-8)/(-28) - (-2400)/(-21). Let n = z + 268. Calculate the greatest common factor of 14 and n.
14
Let m(c) = 7*c**3 + 2*c**2 - 1. Let y be m(1). Suppose 3*h = -6, 2*g + 10 = -0*h - h. Let w = g + 44. What is the highest common divisor of y and w?
8
Let c be ((-4)/(-6))/(7 + 618/(-90)). Let m(b) = -5*b**2 + 7*b + 7 + 4*b**2 - 2*b. Let g be m(c). What is the highest common divisor of g and 28?
7
Let m(i) = 25*i**2 + 3*i. Let b(a) = a**2 + a + 1. Let f be b(-2). Let q be m(f). Calculate the highest common factor of 26 and q.
26
Suppose 14 - 8 = 3*z. Let k(u) = -11 + 22*u + 22*u**z - 16*u**2 - 7*u**2. Let q be k(20). Calculate the highest common divisor of 29 and q.
29
Suppose 0 = 2*n + 6, 7*n = -5*b + 4*n + 1. Suppose 0 = b*t + t - 21. Suppose -4*c + t*c - 57 = 0. Calculate the highest common divisor of c and 95.
19
Let t = -193 - -253. What is the greatest common factor of t and 220?
20
Suppose m = 27 + 48. Suppose m = 2*h + 15. Let v(i) = -i**3 - 9*i**2 + 7*i - 15. Let z be v(-11). What is the highest common factor of z and h?
30
Let r be (5 - 7)*(-1 + -13). Suppose 0*u - 42 = -u. Suppose 6*y - u = -0*y. Calculate the highest common divisor of y and r.
7
Let b = 12 - 10. Suppose 0 = -2*q + b + 6. Let u = q + 3. What is the highest common divisor of u and 14?
7
Let y be (-8)/6 - 14536/(-138). Calculate the highest common factor of 6 and y.
2
Suppose 52 = 2*h - h. Calculate the highest common divisor of h and 26.
26
Let p be (1/2)/((-14)/(-56)). Let o be (-12)/p*(-4 + -1). Suppose x = -x + 120. Calculate the highest common divisor of x and o.
30
Let t be (-62)/(-1 + -1) - -2. Let o be 6/t + (-2966)/(-22). Suppose 4*p = -20, 7*j + 0*p = 4*p + 125. What is the highest common factor of o and j?
15
Let t be (-762)/21 - (-4)/14. Let k = -17 - t. Calculate the highest common divisor of k and 57.
19
Let d be (0 + -2)*3*10/(-15). Suppose p + k = -d*k + 1, -2*k + 16 = 3*p. Calculate the greatest common factor of p and 30.
6
Let t(s) = 11*s - 17. Let a be t(4). Calculate the greatest common factor of 108 and a.
27
Suppose 11*p - 95 = 345. Calculate the greatest common divisor of p and 570.
10
Let z be (8 - 1)*-1*(-360)/84. What is the greatest common divisor of 75 and z?
15
Let g(r) = -10*r + 1. Let m = -12 - -21. Suppose 3*i = 6*i + m. Let k be g(i). What is the greatest common factor of k and 248?
31
Let z = 41 - 2. Suppose 5*a - 6 = -q + 18, -5*q + 2*a = -z. Suppose -5*j = -24 + q, c = -2*j + 22. Calculate the greatest common divisor of 16 and c.
16
Let q(o) = 3*o**2 + o + 1. Let r be q(-4). Suppose -20*p + r = -19*p. What is the greatest common divisor of p and 15?
15
Let a = 341 - 319. What is the highest common divisor of 4 and a?
2
Suppose -7 = c - 1. Let z be ((-15)/c - 2)*-6. Let h = z + 9. What is the greatest common factor of 54 and h?
6
Let f be 44/(2/(-16)*-2). Let p = 199 - 177. What is the greatest common divisor of f and p?
22
Let d be ((-2)/(-5))/((-196)/(-490)). Calculate the highest common divisor of d and 11.
1
Suppose -34*t + 38*t = -5*c + 14, 3*t = 3. Let y(d) = 4*d**3 + d - 1. Let a be y(1). Calculate the greatest common factor of c and a.
2
Let h(p) = -3*p - 1. Let m be h(-6). Suppose -m = -y - 5*b, -9 = -3*y - 3*b + 42. Let z = y + 1. What is the highest common divisor of z and 9?
9
Let t be -203*3*16/(-84). What is the highest common divisor of 406 and t?
58
Let u be (-56)/(-6)*(22 - -2). Let a be (46/253)/((-2)/(-352)). What is the greatest common divisor of a and u?
32
Let d = 586 - 462. Calculate the greatest common divisor of 8 and d.
4
Suppose -2*u + 12 = -18. Let d = 38 - 27. Suppose -d = 3*q - 29. Calculate the highest common factor of q and u.
3
Let m = -486 - -686. Calculate the highest common factor of m and 40.
40
Suppose 7*a - 72 = 5*a. Suppose -104 + 68 = -9*o. Calculate the highest common factor of o and a.
4
Let c(f) be the third derivative of f**6/120 + f**5/20 + 2*f**3/3 - 8*f**2. Let k be c(0). Calculate the highest common divisor of 10 and k.
2
Let n(x) = 0*x + 18*x**2 + 2*x + x**3 - 20*x**2. Let l be n(2). Let g = 16 - l. Calculate the highest common divisor of g and 24.
12
Suppose -100 = -4*v + 68. Let g = -8 + 22. What is the highest common divisor of v and g?
14
Suppose 2*v + 5*o = 209, 2*v - 239 = 4*o + o. Calculate the highest common factor of v and 42.
14
Let d = 24 - 22. Suppose n + d*p = 3*p + 37, -2*n + 77 = p. What is the highest common divisor of n and 57?
19
Let s(g) = -263*g + 16. Let a be s(-1). What is the greatest common divisor of 62 and a?
31
Let o = 13 - 10. Let x = -34 + 23. Let z = x - -14. What is the greatest common divisor of o and z?
3
Let m(f) = -f**2 - 2*f + 4. Let p be m(2). Let h = 6 + p. What is the highest common divisor of h and 6?
2
Suppose 0 = -5*w - 15, 0 = 5*p + 5*w + 15 - 0. Suppose 0 = 5*y - p*y - 100. Calculate the greatest common divisor of 4 and y.
4
Let m(n) = -3344*n**2 - 11 + 16*n - n - n**3 + 3354*n**2. Let k be m(11). Suppose -h - 2*h + 66 = 0. What is the greatest common factor of k and h?
11
Let x be 3 + (0 - 1) - 0. Let h = 40 + x. What is the highest common factor of 6 and h?
6
Let b = 1261 - 838. What is the highest common factor of b and 36?
9
Let y = -2 - -11. Suppose 8*q + 7 = y*q. Suppose 2*s + 5 = s, 2*t - 90 = 4*s. Calculate the highest common divisor of t and q.
7
Let s = 10 - 3. Let l(k) = 2*k**2 - 12*k - 10. Let o be l(s). Suppose q + 132 = o*q. Calculate the highest common factor of q and 22.
22
Let l = 85 + -60. Suppose 5 = -a - 3*t - t, a = -5*t - 8. Suppose -5*p - a + 32 = 0. Calculate the highest common factor of p and l.
5
Suppose 5*l = -5*p - 4 + 59, 3*p = -4*l + 44. Let s(h) = 12 - l + 6*h - 5*h. Let x be s(6). What is the highest common divisor of 63 and x?
7
Suppose 2112*c = 2116*c - 576. What is the highest common factor of 63 and c?
9
Let u(w) = 17*w - 11. Let g be u(3). Suppose -5*a + 200 = 3*x, x + 68 = 4*a - 92. Calculate the greatest common factor of g and a.
40
Let a = -703 + 1444. What is the greatest common divisor of a and 78?
39
Let a be (-1)/3 + (-12)/18. Let y be (a/(-3))/(4/348). Let x = -19 + y. Calculate the highest common divisor of x and 2.
2
Suppose -2 = -4*k + 10. Suppose -k*c = -6 - 6. Suppose -6 + 3 = -3*n, c*p - 2*n - 38 = 0. What is the greatest common divisor of p and 5?
5
Let i(q) = 26*q**2 + 6*q + 6. Let x = -109 - -107. Let s be i(x). Calculate the greatest common divisor of 28 and s.
14
Let l = -14 - -34. Suppose 3*m = 7*m - l. Let g = -1 + 36. Calculate the highest common divisor of m and g.
5
Let o(v) = -11*v - 230. Let s be o(-21). Suppose -5*u + 5*d + 20 = 0, 4*u - d + 8 = -5*d. Calculate the highest common divisor of u and s.
1
Suppose 0 = 5*h, 51 = 3*q - 2*h + 6*h. Suppose -q*j + 15*j + 320 = 0. Let g = 48 - 16. Calculate the greatest common divisor of g and j.
32
Suppose -25 = -2*n - 3. Let q(h) = -h**3 + 4*h**2 - 4*h + 3. Let d be q(2). Suppose d*g + g = 88. What is the highest common factor of n and g?
11
Suppose d = 3*h - 318, 10*d = -4*h + 5*d + 405. Let i be (-3)/(-15) - 0 - (-222)/15. Calculate the highest com